/5 - (-432)/(-540)?
7
Let f(u) = -61*u**2 + 56*u + 103. Let n(h) = 20*h**2 - 19*h - 35. Let p(s) = -6*f(s) - 17*n(s). What is the hundreds digit of p(-5)?
6
Suppose 4*u = -5*j - 10, -j = 9*u - 6*u + 13. Suppose 2*f + j*n - 4*n = 450, -3*n = 9. What is the hundreds digit of f?
2
Suppose -3*k + 11169 = -3*m, 0 = 2*k - m - 1448 - 6001. Suppose -25*s + 6149 = -k. What is the tens digit of s?
9
Let w = -38 + 69. Suppose 0 = -w*p + 32*p - 389. What is the hundreds digit of p?
3
Suppose 14*a + 16 = 44. What is the hundreds digit of 1/a + 28545/66?
4
Suppose 6 = 7*p - 36. Suppose 3*t - c = 5, t - 5*c + p = 3. What is the tens digit of -2 + (t - 1) + (1 - -228)?
2
Let q(z) = 11*z**2 + 6*z - 4. Suppose 5*v - 3*o = 7, -5 = -5*v + 5*o - 0*o. What is the units digit of q(v)?
2
Let y be (-5 - (-92)/20)/(2/(-5)). What is the units digit of (-198)/(-8)*y/(10/40)?
9
Suppose -4 = 2*i - 10. Let r(v) = -v**3 + v**2 + 24*v - 9. Let b be r(5). Suppose -g = -i - b. What is the units digit of g?
4
Suppose 6*n - 4*n = 10. Suppose -4379 = -8*v - 4347. Suppose -3*r - s = -291, -n*s + v*s = -2*r + 194. What is the units digit of r?
7
What is the tens digit of 43/(430/(-221520))*40/(-15)?
7
Let n(d) = -d**3 + 8*d**2 - 20*d + 56. What is the hundreds digit of n(-12)?
1
Let h(x) = -x**3 - 13*x**2 - 14*x + 19. Let s be h(-12). Suppose -3*q + f = -45 - 44, q + 3*f - s = 0. Suppose 30*p + 76 = q*p. What is the units digit of p?
6
Suppose -1 = -4*d + 3, d = -4*t + 81. Suppose t*n = 70*n - 41500. What is the hundreds digit of n?
8
Suppose -225 = -9*a + 4*a. Let j = 50 + -47. Suppose 3*p - a = -j*i, -i - p + 35 = 4*p. What is the tens digit of i?
1
Let z(m) = 29*m - 84. Let k be z(3). Suppose k*l = -12, -w + 535 = 7*l - 8*l. What is the hundreds digit of w?
5
Suppose -3*l - j - 440 = -6*j, -756 = 5*l + 3*j. Let x = l + 98. What is the tens digit of (x/36*-3)/(1/9)?
3
What is the thousands digit of 7/((-987)/(-15040))*(-621)/(-4)?
6
Suppose -2*z + 3*p = -z + 12, -4*p + 20 = 0. Suppose -11*x = -z*x - 2640. Let g = x + -146. What is the tens digit of g?
8
Let c(s) = -4*s + 0*s + 6*s + 5*s - 8 - s**2. Suppose -19 = a - 6*a + 3*x, -5*a + 35 = 5*x. What is the units digit of c(a)?
2
Let a(t) = t**3 + 21*t**2 + 2*t + 30. Let i be a(-21). Let q(l) = 3*l + 17. Let o be q(i). Let v(g) = -3*g + 44. What is the units digit of v(o)?
1
Suppose 0 = h - 4*i - 8574, -5*h - 118*i + 42820 = -113*i. What is the hundreds digit of h?
5
Let n(m) = m**2 - 11*m - 119. Let b be n(-6). Let t(f) = 1 - 3*f**3 + 6*f + 3*f**3 - 16*f**2 - 6 - f**3. What is the hundreds digit of t(b)?
1
Let u be ((-3)/(-3)*-54)/((-16)/16). What is the tens digit of u/(-351) - 4710/(-26)?
8
Suppose d = -2*s + 75, -3*d = 3*s - 0*d - 117. Let u = 22464 - 22340. Let p = s + u. What is the tens digit of p?
6
Let k = 193856 + -112570. What is the units digit of k?
6
Let s be (-1 + (-28)/(-20))*55. Let c = -17 + s. Suppose -c*h = -5*p - 135, 2*h = -4*p + 12 + 60. What is the units digit of h?
0
What is the units digit of ((-7 + 11)/(-4))/((-7)/51079)?
7
Suppose -151*l + 14254 - 88339 = -162*l. What is the thousands digit of l?
6
Suppose 5*r - s - 10498 = 0, 2899 - 9193 = -3*r + 3*s. What is the tens digit of r?
0
Suppose 1575*p + 496044 = 1593*p. What is the ten thousands digit of p?
2
Suppose -4*d - 4*u = -120, -3*u + u = 3*d - 88. Suppose -d - 14 = -14*o. What is the tens digit of 1/o - (-3320)/12 - 4?
7
Suppose -3*p - 27 = 3*v, 0 = 3*p + 4*v + v + 27. Let l be ((-3)/(-1) - 1) + p + -273. Let o = -157 - l. What is the units digit of o?
3
Let n(j) = -14*j**2 - 15*j + 5. Let r(q) = -13*q**2 - 16*q + 9. Let d(x) = -3*n(x) + 2*r(x). What is the units digit of d(6)?
7
Let a(b) = -2*b - 8. Let m(f) = -f**3 - 8*f**2 - f - 13. Let k be m(-9). Suppose k = -3*c + 14. What is the tens digit of a(c)?
3
Let q be 10*5/(-80)*-8. Suppose -d + 2817 = 6*l - 2*l, -q*d = 5*l - 3510. What is the tens digit of l?
0
Let j(r) = r**3 - 72*r**2 - 26*r + 339. What is the thousands digit of j(74)?
9
Let u be (1/(-2))/(6/24*-1). Let q be (u + -2)/2 - -2. Suppose 2*h + j - 160 = 222, 2*h - q*j - 388 = 0. What is the tens digit of h?
9
Let n(k) be the third derivative of k**5/15 - k**4/8 - 23*k**3/6 - 5*k**2 + 3*k. What is the hundreds digit of n(-10)?
4
Let k = -180 - -471. Let y = -60 + k. What is the hundreds digit of y?
2
Let s be 1 - 10/2 - 2222/(-2). Suppose -s = 13*n - 16*n. Let c = n - 239. What is the units digit of c?
0
Let m = -113 + 77. Let i = m - -41. What is the tens digit of ((-38)/(-4) - i)*42?
8
Let x(n) be the first derivative of -57*n**2/2 - n - 502. Suppose 2*a - a = 4*o + 7, a = -3*o. What is the tens digit of x(o)?
5
Suppose 10*i - 14 = 5*i + 2*j, -5*i + 26 = 2*j. Suppose 0*l - l = 0. Suppose -i*z = -5*f - 669 + 207, l = -z + 2*f + 114. What is the tens digit of z?
1
Suppose 0 = -19*m + 13*m - 360. Let a = 58 + m. What is the tens digit of (66 - -13) + (a - -6)*1?
8
Let w = 1458 + -1437. Let x(f) = -2*f - 2. Let a be x(7). Let c = a + w. What is the units digit of c?
5
Suppose 2*y + 2*x - 104 - 146 = 0, 4*x = 20. Let s be (1866/(-622))/(6/9 - 7/(-3)). What is the tens digit of (s/3 - (-3256)/y)*5?
3
Let t(w) = 16*w + 117. Let k be t(-7). Suppose k*x + 3*i - 6945 = 0, i - 82 + 1471 = x. What is the thousands digit of x?
1
Let v(a) be the first derivative of a**3/3 - 11*a**2/2 - 28*a + 16. Let c be v(13). What is the tens digit of (-3 + 6 + 1)*(-63)/c?
2
Let q(i) = -41*i**3 - 5*i - 8. Let g be q(-3). What is the tens digit of (g/8*-1)/((-6)/24)?
5
Let d(o) = 3*o**2 + 116. Let k be d(0). Suppose -245 = -5*r - 5*t, r - 4*t = -r + k. What is the units digit of r?
2
Let w(x) = 237*x. Let i = -18 + 20. Let t be w(i). Suppose -5*o + 3*m = -179 - 996, -2*o + 2*m = -t. What is the units digit of o?
2
Suppose -35*n - 10881 = -318712 - 227004. What is the ten thousands digit of n?
1
Let f(z) = -z**3 - 17*z**2 - 32*z - 18. Let c be f(-15). What is the tens digit of (c*13)/(18/12)?
0
Suppose -895*c + 883*c + 49596 = 0. What is the hundreds digit of c?
1
Let o(b) = -13*b + 110. Let w = 117 + -126. What is the units digit of o(w)?
7
Let g = 313 - 41. Let d be 25004/(-209) + 12/(-33). Let x = g + d. What is the hundreds digit of x?
1
Let c(n) = -5662*n + 3. What is the hundreds digit of c(-1)?
6
Let z(o) = 2*o**2 + 22. Let w be z(0). Suppose 5*t - i - 2614 = 0, 1028 = -w*t + 24*t + 4*i. What is the tens digit of t?
2
Suppose 0 = 9*r - 16 - 11. Suppose 5*d - 1214 = -4*u, r*d - d - 472 = -5*u. Let l = -136 + d. What is the tens digit of l?
1
Let o(l) = 69*l**3 + l**2 - 3*l + 3. Let v be o(1). What is the units digit of 7/(v/4) - 4866/(-10)?
7
Suppose 0 = 6*m + 4*a - 1376, 4*a + 480 = 30*m - 28*m. Suppose -2*q = 0, 4*q + 0*q - 465 = -5*r. Let v = m - r. What is the units digit of v?
9
Suppose 706*c + 1391178 = 729*c. What is the ten thousands digit of c?
6
Suppose 3*n + 4*x + 408 = -n, -n - 86 = -3*x. Let d = n + 105. What is the units digit of d?
7
Let l = 11294 - -38951. What is the tens digit of l?
4
What is the units digit of ((-40645)/(-110))/(1/8)?
6
Let f(o) = 562*o + 100. Let i be f(4). Suppose -44*x = -40*x - i. What is the tens digit of x?
8
Let a be 1/(1*(-1)/(-2)). Suppose -a*r + 18 = 4*b, r + 3*b - 5*b - 1 = 0. Suppose -5*z = r*g - 125, 3*z - 2*g = -6 + 71. What is the units digit of z?
3
Suppose 23*x - 15209 - 34494 = 0. What is the thousands digit of x?
2
Let z be 0/1 - -1 - (33 + 6). Let x = z + 41. Suppose y = x*t - 493 + 142, 0 = -4*y. What is the tens digit of t?
1
Suppose 5*o = 2526 + 3554. Let k = -753 + o. What is the hundreds digit of k?
4
Suppose 2*y + 64147 = 2*g + 20237, -3*y + 109727 = 5*g. What is the hundreds digit of g?
9
Let o be (-1 + (-12)/(1 - 4))*1. Suppose -4*l + u + 14 = 0, -o*l + 6 = -5*u - 13. What is the units digit of 133/l + 20/30?
5
Let k be (-42)/(-9)*(-78)/4. Suppose 9*y - 4*y = -25, 0 = -4*h + 5*y + 281. Let p = h - k. What is the hundreds digit of p?
1
Let h(o) = -o**2 + 4*o + 4. Let s be h(9). Let v = s - -37. What is the units digit of (v + 130/6)*3?
3
Let u(z) = -z**3 + 29*z**2 + 133*z + 52. What is the units digit of u(32)?
6
Let q(o) = 16*o - 16896 + 2*o**3 - o**3 + 16902 - o**2. What is the hundreds digit of q(7)?
4
Let w = 648 - 384. Let h = 63 + w. What is the tens digit of h?
2
Suppose -86705 = -16*s 